{"version":"1.0","provider_name":"Rejoignez STEF, le sp\u00e9cialiste europ\u00e9en de la logistique du froid !","provider_url":"https:\/\/stef.jobs\/fr\/","author_name":"adm-wat","author_url":"https:\/\/stef.jobs\/fr\/author\/adm-wat\/","title":"Nos formations - Rejoignez STEF, le sp\u00e9cialiste europ\u00e9en de la logistique du froid !","type":"rich","width":600,"height":338,"html":"<blockquote class=\"wp-embedded-content\" data-secret=\"MD4xLaNVyN\"><a href=\"https:\/\/stef.jobs\/fr\/nos-formations\/\">Nos formations<\/a><\/blockquote><iframe sandbox=\"allow-scripts\" security=\"restricted\" src=\"https:\/\/stef.jobs\/fr\/nos-formations\/embed\/#?secret=MD4xLaNVyN\" width=\"600\" height=\"338\" title=\"\u00ab\u00a0Nos formations\u00a0\u00bb &#8212; Rejoignez STEF, le sp\u00e9cialiste europ\u00e9en de la logistique du froid !\" data-secret=\"MD4xLaNVyN\" frameborder=\"0\" marginwidth=\"0\" marginheight=\"0\" scrolling=\"no\" class=\"wp-embedded-content\"><\/iframe><script type=\"text\/javascript\">\n\/* <![CDATA[ *\/\n\/*! This file is auto-generated *\/\n!function(d,l){\"use strict\";l.querySelector&&d.addEventListener&&\"undefined\"!=typeof URL&&(d.wp=d.wp||{},d.wp.receiveEmbedMessage||(d.wp.receiveEmbedMessage=function(e){var t=e.data;if((t||t.secret||t.message||t.value)&&!\/[^a-zA-Z0-9]\/.test(t.secret)){for(var s,r,n,a=l.querySelectorAll('iframe[data-secret=\"'+t.secret+'\"]'),o=l.querySelectorAll('blockquote[data-secret=\"'+t.secret+'\"]'),c=new RegExp(\"^https?:$\",\"i\"),i=0;i<o.length;i++)o[i].style.display=\"none\";for(i=0;i<a.length;i++)s=a[i],e.source===s.contentWindow&&(s.removeAttribute(\"style\"),\"height\"===t.message?(1e3<(r=parseInt(t.value,10))?r=1e3:~~r<200&&(r=200),s.height=r):\"link\"===t.message&&(r=new URL(s.getAttribute(\"src\")),n=new URL(t.value),c.test(n.protocol))&&n.host===r.host&&l.activeElement===s&&(d.top.location.href=t.value))}},d.addEventListener(\"message\",d.wp.receiveEmbedMessage,!1),l.addEventListener(\"DOMContentLoaded\",function(){for(var e,t,s=l.querySelectorAll(\"iframe.wp-embedded-content\"),r=0;r<s.length;r++)(t=(e=s[r]).getAttribute(\"data-secret\"))||(t=Math.random().toString(36).substring(2,12),e.src+=\"#?secret=\"+t,e.setAttribute(\"data-secret\",t)),e.contentWindow.postMessage({message:\"ready\",secret:t},\"*\")},!1)))}(window,document);\n\/\/# sourceURL=https:\/\/stef.jobs\/wp-includes\/js\/wp-embed.min.js\n\/* ]]> *\/\n<\/script>\n","description":"\u00c9cole de conduite Vous vous imaginez au volant d\u2019un camion ? Pour devenir conducteur, conductrice de camions r\u00e9frig\u00e9r\u00e9s, nous vous formons \u00e0 ce m\u00e9tier, avec toutes ses sp\u00e9cificit\u00e9s. En partenariat avec l\u2019AFTRAL, premier organisme de formation en transport et logistique... View Article"}

Rejoignez STEF, le spécialiste européen de la logistique du froid !

Nos formations - Rejoignez STEF, le spécialiste européen de la logistique du froid !

<blockquote class="wp-embedded-content" data-secret="MD4xLaNVyN"><a href="https://stef.jobs/fr/nos-formations/">Nos formations</a></blockquote><iframe sandbox="allow-scripts" security="restricted" src="https://stef.jobs/fr/nos-formations/embed/#?secret=MD4xLaNVyN" width="600" height="338" title="« Nos formations » &#8212; Rejoignez STEF, le spécialiste européen de la logistique du froid !" data-secret="MD4xLaNVyN" frameborder="0" marginwidth="0" marginheight="0" scrolling="no" class="wp-embedded-content"></iframe><script type="text/javascript">
/* <![CDATA[ */
/*! This file is auto-generated */
!function(d,l){"use strict";l.querySelector&&d.addEventListener&&"undefined"!=typeof URL&&(d.wp=d.wp||{},d.wp.receiveEmbedMessage||(d.wp.receiveEmbedMessage=function(e){var t=e.data;if((t||t.secret||t.message||t.value)&&!/[^a-zA-Z0-9]/.test(t.secret)){for(var s,r,n,a=l.querySelectorAll('iframe[data-secret="'+t.secret+'"]'),o=l.querySelectorAll('blockquote[data-secret="'+t.secret+'"]'),c=new RegExp("^https?:$","i"),i=0;i<o.length;i++)o[i].style.display="none";for(i=0;i<a.length;i++)s=a[i],e.source===s.contentWindow&&(s.removeAttribute("style"),"height"===t.message?(1e3<(r=parseInt(t.value,10))?r=1e3:~~r<200&&(r=200),s.height=r):"link"===t.message&&(r=new URL(s.getAttribute("src")),n=new URL(t.value),c.test(n.protocol))&&n.host===r.host&&l.activeElement===s&&(d.top.location.href=t.value))}},d.addEventListener("message",d.wp.receiveEmbedMessage,!1),l.addEventListener("DOMContentLoaded",function(){for(var e,t,s=l.querySelectorAll("iframe.wp-embedded-content"),r=0;r<s.length;r++)(t=(e=s[r]).getAttribute("data-secret"))||(t=Math.random().toString(36).substring(2,12),e.src+="#?secret="+t,e.setAttribute("data-secret",t)),e.contentWindow.postMessage({message:"ready",secret:t},"*")},!1)))}(window,document);
//# sourceURL=https://stef.jobs/wp-includes/js/wp-embed.min.js
/* ]]> */
</script>

École de conduite Vous vous imaginez au volant d’un camion ? Pour devenir conducteur, conductrice de camions réfrigérés, nous vous formons à ce métier, avec toutes ses spécificités. En partenariat avec l’AFTRAL, premier organisme de formation en transport et logistique... View Article
